+ 59 + 83. What are the prime factors of c?
71
Suppose -4*x = -8*x + 648. Suppose -3*f + 3*t = -x, -f - f = -5*t - 96. What are the prime factors of f?
2, 29
Suppose 4*s + 2*w + 7 = -1, 5*s + 4*w + 4 = 0. Let d be 21 + -15 + s + 0. Suppose -78 = -3*k - 4*p + 76, k - 52 = -d*p. List the prime factors of k.
2, 5
Let l be -1*3/18 + 11/(-6). What are the prime factors of (1058/69)/(l/(-3))?
23
Let t = 672 + -140. Suppose 5*p - t = u + 253, 4*u + 20 = 0. Suppose -4*i = 2*h - 120, 5*h + i = p + 117. List the prime factors of h.
2, 3
Let l(h) = -13*h - 80. Let m(w) = -4*w - 27. Let o(v) = 4*l(v) - 14*m(v). List the prime factors of o(0).
2, 29
Let g(n) = n**2 - 8*n - 5. Let a = 19 + -10. Let u be g(a). What are the prime factors of ((-13)/2)/((-2)/u)?
13
Let r be (10*-10)/((-14)/28). Suppose -2*k = -0*k - r. Let l = 179 - k. List the prime factors of l.
79
List the prime factors of 535127/710 + (-6)/(-20).
2, 13, 29
Suppose 3*p + 9 = -3, -2*b = 2*p - 10. Suppose -24 + 303 = b*y. What are the prime factors of y?
31
Suppose 2*m + 5*g = 2740 + 5273, -20075 = -5*m - 4*g. What are the prime factors of m?
4019
Let i = -95 - -379. List the prime factors of i.
2, 71
Let c be 0 - (-46)/(-8) - 6/24. Let j = c - -89. What are the prime factors of j?
83
Let c(d) = 8*d**2 + 12*d - 44. What are the prime factors of c(-12)?
2, 241
Let j(o) = -o + 4. Let c be j(4). Suppose c = 5*p + 11 - 6. Let h = p - -18. List the prime factors of h.
17
Suppose -3*a + 4*c = c - 114, 2*a = 3*c + 81. Suppose 0 = k - 2*k + a. What are the prime factors of k?
3, 11
What are the prime factors of 4264 + (-18)/36*(2 + 0)?
3, 7, 29
Suppose -4*o + 6*o = -4*g + 1156, 0 = o - 2*g - 594. What are the prime factors of o?
2, 293
Suppose 3*p - 321 = -2*s + 8*p, -5*s + 762 = p. What are the prime factors of (-6)/s*-3 - 1322/(-34)?
3, 13
Let d be ((-4)/10)/(1/(-10)). Let r(i) be the third derivative of 5*i**4/24 + 4*i**2 + i. What are the prime factors of r(d)?
2, 5
Let n be (1/3)/((-2)/(-162)). Suppose 3*v + g - 88 = 0, -5*v = -4*v - 2*g - n. Suppose -v = -c - 3. What are the prime factors of c?
2, 13
Suppose -r - 13678 = -26*k + 21*k, 8204 = 3*k - 2*r. What are the prime factors of k?
2, 3, 19
Suppose -14*g = -43640 + 1234. What are the prime factors of g?
13, 233
What are the prime factors of 168/14 + 802 + (1 - 0)?
5, 163
Let u(b) = -20*b**2 - 37*b - 84. Let z(w) = 13*w**2 + 25*w + 56. Let h(c) = 5*u(c) + 8*z(c). What are the prime factors of h(-7)?
7, 17
Let x(w) = -7*w**2 - 6*w - 18. Let a be x(-4). List the prime factors of ((84/(-8))/7)/(3/a).
53
Suppose -526*b + 13752 = -514*b. What are the prime factors of b?
2, 3, 191
Let b = 47 - 39. List the prime factors of (65 + b)/((-1)/(-1) + 0).
73
Suppose 2*w + q = 2600, -451 = -w - 5*q + 831. List the prime factors of w.
2, 3, 7, 31
Let i = -66 + 68. Suppose 0 = -i*j, 0*j + 148 = m - 4*j. List the prime factors of m.
2, 37
Let s be 4/12 - 328/(-6). Let x = -41 + s. What are the prime factors of x?
2, 7
Let l(c) = 71*c - 36. What are the prime factors of l(27)?
3, 11, 19
What are the prime factors of 5 + (4/7)/((-46)/(-222502))?
3, 13, 71
Suppose 3*d = -1 + 19. Suppose 3*j - d*j - 5*s = -355, 4*s + 530 = 5*j. List the prime factors of j.
2, 5, 11
Let z(m) = -m**2 - 11*m. Let l(t) = t. Let u(a) = 4*l(a) + z(a). Let y be u(-7). Suppose -3*j + g = -53, 2*j + 3*g - 4*g - 34 = y. List the prime factors of j.
19
Suppose 3*q + 3 = 3*y + 9, -y + 2*q - 4 = 0. Suppose 4*t + 116 - 344 = y. What are the prime factors of t?
3, 19
Suppose 2*o + 49 = -79. Let l = -27 - o. List the prime factors of l.
37
Let n = -65 - -22. Let a = n + 162. What are the prime factors of a?
7, 17
What are the prime factors of ((-10)/(-4))/(10/(-5400)*-3)?
2, 3, 5
Suppose 4*g - 19 = -3. Suppose 0 = -3*z - 4*h + 737, -h = 2 - g. Suppose 5*f - 22 - z = 0. What are the prime factors of f?
53
Suppose -26 = -2*s + g - 85, 0 = s - 5*g + 7. List the prime factors of ((-13)/4)/(4/s).
2, 13
Let h(z) = 42*z + 87. What are the prime factors of h(14)?
3, 5
Let y = -103 + 260. Let m = -108 + y. List the prime factors of m.
7
List the prime factors of (22 - 21)*(3285 + 2).
19, 173
Suppose 4*s - 4*a + 19 + 37 = 0, 68 = -4*s - 2*a. Let f be (s/3)/((-2)/36). Suppose 4*j - 2*j - f = 0. List the prime factors of j.
2, 3
Suppose -3*n = 2*u - 1024, -820 = -3*u + 4*n + 716. What are the prime factors of u?
2
Let f = -1633 + 2286. List the prime factors of f.
653
Suppose 88803 = -102*q + 135*q. List the prime factors of q.
3, 13, 23
Suppose -31*r + 1628 = -27*r. What are the prime factors of r?
11, 37
Suppose -5*r = 2*o - 1064, 0 = -9*o + 4*o - 2*r + 2681. Suppose 6*f - 15 - o = 0. List the prime factors of f.
2, 23
Let k = 2490 + -1346. List the prime factors of k.
2, 11, 13
List the prime factors of (381 - (-20)/4) + -1.
5, 7, 11
Let l(d) = d**3 + 11*d**2 - 10*d + 13. Suppose -67*g - 11 = -66*g. List the prime factors of l(g).
3, 41
Let p be ((-1452)/110)/(6/(-40)). Suppose -a - p = -3*a. List the prime factors of a.
2, 11
Suppose 4*q = -5*q + 36. Suppose -3*j - q = -5*j. List the prime factors of j.
2
Suppose -18*x + 23299 = -21179. List the prime factors of x.
7, 353
Let n(i) = -i**3 + 57*i**2 - 54*i + 30. List the prime factors of n(55).
2, 5, 311
Suppose 2*s = -2*n - 6, 0*s - 2*n + 3 = -s. Let f(x) = x**3 + 8*x**2 + 5*x + 2. Let r be f(s). Let g = -12 + r. What are the prime factors of g?
2, 5
Suppose 0 = -d - 0*d - 3. Let s be 108 + (-2)/((-2)/d). Suppose 0 = b + 2*b - s. What are the prime factors of b?
5, 7
Let j(p) = -2*p - 25. Let u be j(-11). List the prime factors of (-2)/u + (3 - (-147)/9).
2, 5
Let d = 4 - -10. Let z be 8/(-20)*(-1 - d). What are the prime factors of (3/(-2))/(z/(-16))?
2
Suppose -4*q = 5*k - 2717, k - 5*q + 2715 = 6*k. What are the prime factors of k?
5, 109
Let s be (1/2)/((-6)/(-36)). Suppose -s*i = -i + 14. List the prime factors of (4/3)/(i/(-63)).
2, 3
Suppose -8*u + 7 - 39 = 0. What are the prime factors of (-2)/u - 531/(-18)?
2, 3, 5
Suppose -6*m + 7*m = 0. Suppose 0*j + 2*j + 10 = m. Let d(n) = n**2 - n + 8. What are the prime factors of d(j)?
2, 19
Suppose -21*o + 48*o - 95202 = 0. List the prime factors of o.
2, 41, 43
Suppose -2*m + 8 = 0, m = -5*i - 4*m. List the prime factors of (-78)/(-9)*(-18)/i.
3, 13
Suppose 0*a = -3*i + a + 2, -3*a - 6 = 4*i. Suppose -6*g + 16 - 4 = 0. Suppose -g*z + i*z = -48. What are the prime factors of z?
2, 3
Suppose 126*c + 8908 = 130*c - 4*d, 6665 = 3*c + 5*d. List the prime factors of c.
5, 89
Let j(d) be the third derivative of 6*d**2 + 5/8*d**4 + 0 + 1/3*d**3 + 0*d. What are the prime factors of j(4)?
2, 31
Suppose -5*y - 4*c = -10938, 12*y + c = 8*y + 8757. Suppose -2*h = 13*h - y. What are the prime factors of h?
2, 73
Let a be (0 + 6)/(1*2). Suppose 0 = 3*d + a*q - 150 - 81, 281 = 4*d - 5*q. List the prime factors of d.
2, 37
Suppose 5*o = 0, -5*z + o = 6*o. Suppose 2*b - 63 - 89 = z. List the prime factors of b.
2, 19
List the prime factors of 1/(-8)*-6*(-484)/(-11).
3, 11
What are the prime factors of 20/130 + (-74757)/(-39)?
3, 71
Let f(j) = -6*j**2 + 11*j + 24. Let w be f(-6). Let d = -107 - w. What are the prime factors of d?
151
Let v(h) = -h**3 + 9*h**2 - 4*h + 7. Let i be v(8). Let m = 84 - i. List the prime factors of m.
3, 5
Let c be -2*(-1 + 2) + 81. Let p = -40 + c. List the prime factors of p.
3, 13
Let h(q) = q**2 + 11*q - 9. Let j be h(-9). Let k = -22 - j. Suppose -a = -k*a + 232. What are the prime factors of a?
2, 29
Let j = 25 - 25. Suppose 0 = -s - j*s + 23. List the prime factors of s.
23
Suppose 5*z - 3*z - 8 = 0. Let k be ((-18)/(-12))/(2/z). Suppose k*p + 244 = 7*p. What are the prime factors of p?
61
Let o(n) = -n**2 - 14*n + 823. List the prime factors of o(0).
823
Let v be 5/(5/9)*1. List the prime factors of (1 - -44) + -9 + v.
3, 5
Let c(v) = 139*v**3 - 2*v**2 - 31*v + 80. List the prime factors of c(3).
2, 1861
Suppose 840 = -2*u + 4*u. Let f = u - 182. List the prime factors of f.
2, 7, 17
Suppose 10*j - 75 = 15*j. List the prime factors of (57/15)/((-3)/j).
19
Let x(j) = -j + 8. Let t be x(6). Suppose t*m = -2*v + 136, -m + 3*v = -38 - 26. Suppose -m = -2*f - h, -h = -2*f + 66 + 3. What are the prime factors of f?
2, 17
Suppose -5*a + 4*p + 35 = 0, 0 = -3*a - 2*p + 2 - 3. Let d(l) = l**